emainder when 83 is divided by (-314)/(-14) - 8/(-14)?
14
Let c(h) = h**3 + 8*h**2 + 3*h - 1. Let w(b) = -2*b - 42. Let o be w(-29). Suppose -o*t + 44 = -68. What is the remainder when c(-7) is divided by t?
6
Let c = 88 - 84. Let m = -29 + 31. Calculate the remainder when c is divided by m.
0
Suppose 2*h = 5*h + 33. Let c = 18 + h. What is the remainder when (-3552)/(-176) + 2/(-11) is divided by c?
6
Let s(u) = -5*u + 43. Let r(x) = -7*x + 42. Let g(v) = -2*r(v) + 3*s(v). What is the remainder when g(-8) is divided by 19?
15
Let b(w) = w**2 - w + 24. What is the remainder when b(9) is divided by 14?
12
Suppose 0 = -5*o + 17 + 123. Suppose -3846 = -11*w - 3703. Calculate the remainder when o is divided by w.
2
Suppose -b = 3 + 3. Let o = b + 13. Let q = 27 + -1. What is the remainder when q is divided by o?
5
Let w = -986 - -990. Let f = 31 - 13. Calculate the remainder when f is divided by w.
2
Suppose -89 = -r - 2*t, -5*t = 2*r + 12 - 188. What is the remainder when r is divided by 26?
15
Let v = -12 - -21. Suppose -z + 78 = z + 2*w, 124 = 4*z - 4*w. What is the remainder when z is divided by v?
8
Let l(r) = r**2 - 4*r + 12. Suppose -40 = -2*v - 2*a, 0 = -v + a + 12 + 12. Let n = v - 13. What is the remainder when l(n) is divided by 29?
28
Let y = 129 + -184. Let p = 64 + y. Calculate the remainder when 24 is divided by p.
6
Let o = -105 - -106. Let m = 6 + o. What is the remainder when 24 is divided by m?
3
Let b = 375 - 338. Calculate the remainder when 107 is divided by b.
33
Let a(s) = -s**2 - 19*s + 208. Calculate the remainder when a(-20) is divided by 66.
56
Let i = -26 + 31. Suppose -i*f + 6 = -124. Calculate the remainder when f is divided by 7.
5
Let v = 2208 + -2145. Calculate the remainder when 377 is divided by v.
62
Let v = 48 + -20. Let u(h) = 2*h**2 + 6*h - 4. What is the remainder when 251/4 + (-21)/v is divided by u(3)?
30
Calculate the remainder when (-19)/((-171)/900) - 4 is divided by 3.
0
Let f = -1030 + 1122. Calculate the remainder when f is divided by 35.
22
Let g(l) = l**2 + 4*l + 5. Let p = 6 - 17. Let j be g(p). Suppose 4*z + j = 3*n, n - 6*n = 3*z - 185. What is the remainder when n is divided by 12?
10
Suppose -40*w + 37*w = -303. Suppose 4*s - w = 43. What is the remainder when 71 is divided by s?
35
Calculate the remainder when -24*(-12 - -14 - (-14)/(-6)) is divided by 1.
0
Suppose 4*i + 12 = 332. Suppose -3*l = 2*l - i. Calculate the remainder when (-9)/18 + 3*123/6 is divided by l.
13
Let u(c) = -c - 3. Let p be u(-5). Calculate the remainder when 42 is divided by (-6)/p + (-1)/((-3)/57).
10
Let n(p) = p**2 - 15*p + 28. Suppose 435 = 9*c - 4*c. What is the remainder when c is divided by n(16)?
43
Let j = 99 + -94. Suppose -88 = -4*p + r, -3*p - j*r = -70 + 4. Calculate the remainder when 151 is divided by p.
19
Let z = -115 - -161. What is the remainder when (-3)/9*181*-3 is divided by z?
43
Let u(d) be the first derivative of -10 - 2*d**2 - 11 - 8 - 17*d + 26. What is the remainder when 4 is divided by u(-5)?
1
Suppose 2*y - 792 = -7*y. Calculate the remainder when 88 is divided by y.
0
Let x = -23 + 89. Let s = 192 - 100. Suppose -10*t + s = -6*t. Calculate the remainder when x is divided by t.
20
Let u(g) = g + 31. What is the remainder when 235 is divided by u(3)?
31
Let j(n) = n**2 + 3*n + 4. Let z be j(-3). Let y(s) = 42*s**3 - 1 - 40*s**3 + z*s - 2 - 2*s**2. Calculate the remainder when y(2) is divided by 4.
1
Let b = 262 + -243. Calculate the remainder when b is divided by 2.
1
Let g(z) = 5*z**2 + 9*z - 26. What is the remainder when g(4) is divided by 49?
41
Suppose 2*b + 5 = -2*k + 7, -4*b - 2*k = -8. Suppose 2*l + 6 = 0, -4*f + 5 - 3 = 2*l. Suppose 2 = p - f. Calculate the remainder when p is divided by b.
1
Calculate the remainder when -4*(((-477)/6 - -5) + -7) is divided by 105.
11
Suppose -3*g + 4*a + 2055 = 0, 2*g = 5*g + 3*a - 2055. Calculate the remainder when g is divided by 228.
1
Suppose -9680 = -26*h + 4*h. What is the remainder when h is divided by 63?
62
Let u be 51/(2 + -1)*(-8)/6. Let r = -55 - u. What is the remainder when 47 is divided by r?
8
Suppose -21 + 6 = -3*n. Suppose -9 + 4 = -n*s. What is the remainder when 51 - ((s - 3) + 3) is divided by 26?
24
Let s = -86 - -180. Let x be 20/(-6)*3/(-2). Suppose -x*d - 72 = -8*d. Calculate the remainder when s is divided by d.
22
Let n = 1 + 2. Suppose 6*k = n*k - 18. Let z = k - -14. What is the remainder when 21 is divided by z?
5
Let n be -9*1/((-12)/8). Suppose 0 = 4*w + n - 34. What is the remainder when 27 is divided by w?
6
Let q(s) be the second derivative of s**4/12 - 2*s**3 + 6*s**2 + 2*s. Suppose 0 = 3*x - 50 + 14. Calculate the remainder when 45 is divided by q(x).
9
Let z = -87 + 311. Calculate the remainder when z is divided by 76.
72
Let i(w) = 4*w + 9 - 5*w - 3*w + 1. What is the remainder when i(-5) is divided by 14?
2
Suppose 0*t - 4 = -t. Suppose -t*k = -5*y - 69, 0 = -k + 2*y + y + 19. Suppose 74 = v + 13. Calculate the remainder when v is divided by k.
13
Let t = 1 + -60. Let h = t + 124. Calculate the remainder when h is divided by 11.
10
Suppose -5*m = 3*b - 215, 5*b - 6*b = 5. Calculate the remainder when m is divided by 7.
4
Let s = -36 - -33. What is the remainder when -2 + 0 + 36*1 is divided by -3 - (-15)/s*-2?
6
Suppose -h = 4, 1646 = 7*m - 5*m + 4*h. Calculate the remainder when m is divided by 17.
15
Let b(j) = j**3 - 7*j**2 - 11*j + 42. Calculate the remainder when 897 is divided by b(8).
15
Suppose 0 = -3*d + 21 + 21. Let w = -3924 - -4021. Calculate the remainder when w is divided by d.
13
Suppose -2*v + 6*v + y = 107, -5*y - 59 = -2*v. What is the remainder when v is divided by 5?
2
Let c(n) = -n**2 - 4*n - 3. Let t be c(-2). Let r(b) = b + 51. Calculate the remainder when r(0) is divided by (-66)/(-44)*(t - 46/(-6)).
12
Suppose -47*c = -1620 - 2798. Suppose b - r - 35 = -b, 0 = 4*b + 2*r - 82. Calculate the remainder when c is divided by b.
18
Suppose 30*x - 780 = 25*x. Suppose 126*i = 132*i - x. Calculate the remainder when i is divided by 16.
10
Suppose -212*o + 105 = -209*o. Suppose -8 = 3*i - 41. Calculate the remainder when o is divided by i.
2
What is the remainder when (-1096)/1*24/(-48) is divided by 50?
48
Let r = 3 - -3. Suppose 109 + 8 = 13*q. Calculate the remainder when q is divided by r.
3
Let w = -149 - -157. What is the remainder when 62 is divided by w?
6
Let f(c) = 15*c**2 - c - 2. What is the remainder when (-33 - (-2 - -5))/(20/(-130)) is divided by f(-2)?
54
What is the remainder when 61/366 - (0 + 437/(-6)) is divided by 37?
36
Let n(w) = -2*w - 3. Let o be n(-4). Suppose v = o*p + 6, -3*v + 3 = -4*p - 4*v. What is the remainder when 4/p*217/(-14) is divided by 16?
14
Suppose 121 + 487 = 8*b. Calculate the remainder when b is divided by 10.
6
Let v(c) = -2*c + 15. Let o(j) = -2*j + 2 + 8*j + 2*j + 2*j**2. Calculate the remainder when o(-7) is divided by v(0).
14
Suppose -5*i = -4*v - 121, 3*v = 5*i + 8*v - 130. Suppose -4*f - 5*w = -2*f - 32, -4*f = -2*w - 88. What is the remainder when (6 + 36)*36/f is divided by i?
22
Suppose b - 4 = -b. Suppose -9 - 147 = -b*n. What is the remainder when n is divided by 21?
15
Let w = 6 + -3. Suppose -166 = -4*l + 5*g, -5*l + 191 = 5*g - w*g. Calculate the remainder when 115 is divided by l.
37
Suppose 1295*m + 168 = 1299*m. Calculate the remainder when 374 is divided by m.
38
Suppose -s - 5*t - 1 = 0, t - 3 = -3*s - 6. Suppose 0*q + 130 = 5*q. What is the remainder when (-3480)/(-72) - (s/(-3) - 1) is divided by q?
23
Let g be (2/(-6))/((-8)/1104). Let j = g - 26. Suppose 2*t = j - 2. What is the remainder when 16 is divided by t?
7
Let v(z) = -z**3 + 27*z**2 - 59*z - 58. Calculate the remainder when v(24) is divided by 32.
30
Let j = -49 - -67. Let q = -22 + 29. Calculate the remainder when j is divided by q.
4
Suppose -2*j = 12*c - 15*c - 299, 3*j = -5*c + 477. What is the remainder when j is divided by 43?
25
Suppose -22*o + 312 = -14*o. Calculate the remainder when 82 is divided by o.
4
Suppose 33 = 14*u - 3*u. Suppose 0 = -4*j - 5*d + 53, 2*d - 3 = -3*j + 28. Calculate the remainder when j is divided by u.
1
What is the remainder when 876 is divided by 4/(-3)*((-5940)/(-8))/(-9)?
106
Suppose -4*a + 75 = x, -11*x - a + 318 = -6*x. 